84?
2, 23
What are the prime factors of 42888?
2, 3, 1787
What are the prime factors of 14973?
3, 7, 23, 31
What are the prime factors of 51365?
5, 10273
What are the prime factors of 11?
11
List the prime factors of 107786.
2, 7, 7699
List the prime factors of 4034.
2, 2017
List the prime factors of 259.
7, 37
List the prime factors of 208.
2, 13
What are the prime factors of 2587?
13, 199
List the prime factors of 19726.
2, 7, 1409
What are the prime factors of 5455?
5, 1091
List the prime factors of 2015.
5, 13, 31
What are the prime factors of 21148?
2, 17, 311
List the prime factors of 891.
3, 11
List the prime factors of 6562.
2, 17, 193
List the prime factors of 468.
2, 3, 13
List the prime factors of 21194.
2, 10597
List the prime factors of 37090.
2, 5, 3709
List the prime factors of 182.
2, 7, 13
List the prime factors of 43870.
2, 5, 41, 107
What are the prime factors of 16004?
2, 4001
What are the prime factors of 9205?
5, 7, 263
List the prime factors of 1793.
11, 163
List the prime factors of 605.
5, 11
What are the prime factors of 2048?
2
What are the prime factors of 17462?
2, 8731
What are the prime factors of 209?
11, 19
List the prime factors of 3587.
17, 211
List the prime factors of 1143.
3, 127
What are the prime factors of 1178?
2, 19, 31
What are the prime factors of 11020?
2, 5, 19, 29
What are the prime factors of 7869?
3, 43, 61
What are the prime factors of 97841?
97841
List the prime factors of 652.
2, 163
What are the prime factors of 43025?
5, 1721
What are the prime factors of 91370?
2, 5, 9137
List the prime factors of 3689.
7, 17, 31
List the prime factors of 43427.
43427
What are the prime factors of 19379?
19379
What are the prime factors of 12657?
3, 4219
List the prime factors of 9856.
2, 7, 11
List the prime factors of 85959.
3, 9551
What are the prime factors of 6059?
73, 83
List the prime factors of 7540.
2, 5, 13, 29
What are the prime factors of 50149?
11, 47, 97
List the prime factors of 1130.
2, 5, 113
What are the prime factors of 2754?
2, 3, 17
What are the prime factors of 201316?
2, 50329
List the prime factors of 1083.
3, 19
List the prime factors of 5463.
3, 607
What are the prime factors of 739?
739
What are the prime factors of 715?
5, 11, 13
List the prime factors of 13938.
2, 3, 23, 101
What are the prime factors of 1052?
2, 263
What are the prime factors of 2778?
2, 3, 463
List the prime factors of 2436.
2, 3, 7, 29
What are the prime factors of 1761?
3, 587
List the prime factors of 74.
2, 37
List the prime factors of 495.
3, 5, 11
What are the prime factors of 623?
7, 89
List the prime factors of 48527.
48527
What are the prime factors of 22118?
2, 11059
What are the prime factors of 54555?
3, 5, 3637
What are the prime factors of 2375?
5, 19
What are the prime factors of 65766?
2, 3, 97, 113
List the prime factors of 4982.
2, 47, 53
What are the prime factors of 32554?
2, 41, 397
What are the prime factors of 1742?
2, 13, 67
What are the prime factors of 36820?
2, 5, 7, 263
What are the prime factors of 13019?
47, 277
What are the prime factors of 32046?
2, 3, 7, 109
What are the prime factors of 1081?
23, 47
What are the prime factors of 766?
2, 383
What are the prime factors of 91105?
5, 7, 19, 137
What are the prime factors of 654?
2, 3, 109
What are the prime factors of 1003?
17, 59
What are the prime factors of 4367?
11, 397
What are the prime factors of 44755?
5, 8951
What are the prime factors of 2873?
13, 17
List the prime factors of 14838.
2, 3, 2473
What are the prime factors of 3394?
2, 1697
List the prime factors of 81.
3
What are the prime factors of 1556?
2, 389
List the prime factors of 1802.
2, 17, 53
What are the prime factors of 6931?
29, 239
List the prime factors of 16480.
2, 5, 103
What are the prime factors of 21713?
21713
What are the prime factors of 29878?
2, 14939
List the prime factors of 5857.
5857
What are the prime factors of 14612?
2, 13, 281
What are the prime factors of 34527?
3, 17, 677
List the prime factors of 61787.
11, 41, 137
What are the prime factors of 24783?
3, 11, 751
List the prime factors of 8533.
7, 23, 53
List the prime factors of 216.
2, 3
What are the prime factors of 6282?
2, 3, 349
List the prime factors of 411.
3, 137
List the prime factors of 2638.
2, 1319
List the prime factors of 1511.
1511
List the prime factors of 16403.
47, 349
What are the prime factors of 903?
3, 7, 43
List the prime factors of 75.
3, 5
List the prime factors of 102485.
5, 103, 199
List the prime factors of 991.
991
List the prime factors of 6148.
2, 29, 53
List the prime factors of 13738.
2, 6869
What are the prime factors of 889?
7, 127
List the prime factors of 52719.
3, 17573
List the prime factors of 201.
3, 67
List the prime factors of 26418.
2, 3, 7, 17, 37
List the prime factors of 4548.
2, 3, 379
What are the prime factors of 23211?
3, 2579
What are the prime factors of 3775?
5, 151
What are the prime factors of 12317?
109, 113
List the prime factors of 3294.
2, 3, 61
What are the prime factors of 8658?
2, 3, 13, 37
What are the prime factors of 4210?
2, 5, 421
List the prime factors of 308.
2, 7, 11
List the prime factors of 103.
103
What are the prime factors of 50104?
2, 6263
List the prime factors of 1451.
1451
What are the prime factors of 661?
661
What are the prime factors of 520?
2, 5, 13
What are the prime factors of 1713?
3, 571
What are the prime factors of 3111?
3, 17, 61
What are the prime factors of 4179?
3, 7, 199
List the prime factors of 2317.
7, 331
List the prime factors of 57642.
2, 3, 13, 739
What are the prime factors of 4791?
3, 1597
List the prime factors of 4775.
5, 191
List the prime factors of 5624.
2, 19, 37
What are the prime factors of 50829?
3, 16943
What are the prime factors of 82?
2, 41
List the prime factors of 2438.
2, 23, 53
List the prime factors of 3865.
5, 773
List the prime factors of 597.
3, 199
What are the prime factors of 4573?
17, 269
List the prime factors of 24369.
3, 8123
List the prime factors of 19933.
31, 643
What are the prime factors of 1243?
11, 113
What are the prime factors of 144609?
3, 19, 43, 59
List the prime factors of 15420.
2, 3, 5, 257
What are the prime factors of 58727?
58727
What are the prime factors of 6451?
6451
List the prime factors of 29760.
2, 3, 5, 31
What are the prime factors of 2527?
7, 19
List the prime factors of 13385.
5, 2677
What are the prime factors of 513?
3, 19
List the prime factors of 2041.
13, 157
List the prime factors of 9212.
2, 7, 47
List the prime factors of 40440.
2, 3, 5, 337
What are the prime factors of 72?
2, 3
What are the prime factors of 24468?
2, 3, 2039
List the prime factors of 72584.
2, 43, 211
List the prime factors of 10517.
13, 809
List the prime factors of 374.
2, 11, 17
List the prime factors of 16705.
5, 13, 257
List the prime factors of 963.
3, 107
List the prime factors of 9682.
2, 47, 103
What are the prime factors of 435?
3, 5, 29
What are the prime factors of 1343?
17, 79
What are the prime factors of 2343?
3, 11, 71
What are the prime factors of 2489?
19, 131
What are the prime factors of 798?
2, 3, 7, 19
List the prime factors of 96.
2, 3
What are the prime factors of 1581?
3, 17, 31
List the prime factors of 79540.
2, 5, 41, 97
What are the prime factors of 35653?
101, 353
List the prime factors of 8943.
3, 11, 271
What are the prime factors of 11272?
2, 1409
List the prime factors of 153.
3, 17
List the prime factors of 39088.
2, 7, 349
List the prime factors of 685.
5, 137
What are the prime factors of 10272?
2, 3, 107
What are the prime factors of 4326?
2, 3, 7, 103
List the prime factors of 96.
2, 3
List the prime factors of 16451.
16451
What are the prime factors of 85172?
2, 107, 199
List the prime factors of 138.
2, 3, 23
List the prime factors of 897.
3, 13, 23
What are the prime factors of 2184?
2, 3, 7, 13
What are the prime factors of 13221?
3, 13, 113
List the prime factors of 473.
11, 43
List the prime factors of 2319.
3, 773
What are the prime factors of 198?
2, 3, 11
What are the prime factors of 470?
2, 5, 47
What are the prime factors of 35057?
11, 3187
What are the prime factors of 1448?
2, 181
List the prime factors of 34134.
2, 3, 5689
List the prime factors of 2135.
5, 7, 61
What are the prime factors of